(8147471*1)/(47 - 49) prime?
False
Suppose -2*g + 857538 = r, 303*r = -g + 306*r + 428783. Is g a composite number?
True
Suppose -3*i - 3*y = -19079 - 184639, i = 4*y + 67881. Is i composite?
False
Is (-9 - 35/(-7) - -3)*-41843 a prime number?
True
Let m = 9051 + -4208. Is m composite?
True
Let i be ((-2)/(-1))/((-78)/1755). Is ((-3651)/15 + 0)/(9/i) composite?
False
Suppose 61677 + 10419 = 4*f. Suppose 0*q = 24*q - f. Is q composite?
False
Let c(f) = 12*f**2 + 5*f - 10. Let g be c(2). Let s = g - 45. Suppose o = -s*k + 6149, 0*o + o = -4. Is k prime?
False
Let w be (-10)/6 - 5643800/(-120). Suppose -b - 2*z = -14941, z - 121780 = -5*b - w. Is b composite?
False
Suppose 0 = 5*x - 5*h + 30, 0 = -x - h - 2*h + 6. Let s(o) = -o**2 - 7*o - 9. Let l be s(x). Is l - 6*4*(-424)/12 composite?
True
Let b = 77 - 73. Suppose -b*f = -5*d - 192, d - 51 - 31 = -2*f. Is f a composite number?
False
Let x(v) = -v**2 - 21*v + 9. Let l(c) = -2*c**2 + 22*c - 11. Let r be l(11). Let o be x(r). Suppose -w + 0*w + o = 0. Is w prime?
False
Let d = -90297 + 165496. Is d a composite number?
True
Suppose 176997 = -3*f + 3*r, 0 = -4*f + 2*r - 217987 - 18007. Let a be f/(-24) + ((-3)/12 - 0). Is 64/192 + (-1 - a/(-6)) a prime number?
True
Let t(y) = 780*y**3 + 3*y**2 - 5*y + 9. Let b(g) = 781*g**3 + 4*g**2 - 5*g + 11. Let q(j) = -3*b(j) + 4*t(j). Is q(2) a composite number?
True
Suppose -5*u - 5*r = -374395, 3*u - 86811 - 137834 = -5*r. Suppose 0 = -5*k - 3*l + 74870, 0 = 2*k + 3*k + 4*l - u. Is k prime?
False
Let x = 736 + -744. Let p(f) = 13*f**2 - 2*f**2 - 11 - 10*f + 2*f**2. Is p(x) prime?
False
Let c(p) = -5*p + 15. Let i be c(1). Is (1 + -62)/((-2)/i) a composite number?
True
Suppose -3*s + 136*s = 61899131. Is s a composite number?
False
Let d = 215766 + -428247. Let f = 34 - 40. Is (2/f)/(d/(-42498) - 5) prime?
False
Let j(x) = 12*x**3 - 15*x**2 + 24*x - 21. Let v be j(11). Let w = v - 8899. Is w composite?
False
Suppose -5*a = -6*x + 7*x - 901574, -x + 2*a = -901511. Is x a composite number?
False
Let d = 677 - 653. Suppose t + d*t = 74575. Is t a composite number?
True
Is 2/(-21) + 189606*2826/2268 prime?
False
Let y(d) = 69*d**2 + 56*d + 1271. Is y(-50) a prime number?
True
Let w = -40093 - -59712. Is w a prime number?
False
Let i(w) = w**3 + 14*w**2 - 15*w + 1. Let s be i(-15). Let d be s + -1 + (-4 - -1) + 392. Suppose -c + 4*m = -0*m - d, c + 2*m - 365 = 0. Is c a prime number?
True
Suppose -3*h + h + 2*c + 80 = 0, 145 = 4*h + c. Let w = h + -38. Is w + 1286 + 0/(-4 + 7) composite?
True
Let u = 401328 - 260225. Is u a composite number?
True
Let l = 3323918 + -2357703. Is l a prime number?
False
Suppose -9*b + 30 + 15 = 0. Is (2/4)/(b/18010) a prime number?
True
Let t(r) be the first derivative of 176*r**3/3 + 3*r**2/2 - 19*r - 11. Is t(4) composite?
True
Is (-2)/(-8) + (872634/24 - -1) composite?
True
Suppose -44585 = -2*w + 3*t, -2*w - 2*t + 7918 + 36642 = 0. Is w prime?
False
Suppose f - 2*s + 440 = -f, 4*s = f + 226. Let w = 631 + f. Is w a composite number?
True
Suppose 3*h - 3060 = -h. Suppose h = 12*b + 249. Suppose -40*z = -b*z + 159. Is z a composite number?
False
Suppose -118*q - 8050 = -116*q. Let x = q - -11244. Is x composite?
False
Suppose z + 8*m - 9*m = 5097, -z + 5*m = -5109. Suppose -s - s = 4*r - z, 5*s - r = 12691. Is s a composite number?
False
Suppose -10*j = -8*j - 9226. Let p = j + -900. Is p a prime number?
False
Suppose -3*k - 2*k = 3*h, 4*k + 7 = -h. Let t be ((-152)/(-30))/(2/h)*207. Suppose 0 = -0*j + 6*j - t. Is j a composite number?
True
Let b(n) = n**3 - 63*n**2 - 79*n - 70. Is b(75) composite?
True
Let s(w) = 1568*w - 27. Let q(f) = -7*f - 103. Let r be q(-15). Is s(r) a prime number?
True
Let s = 475413 - 169586. Is s composite?
True
Let t be ((-8)/24)/((-2)/856794). Suppose -2*k + 4*s = -95194, 6*k - 4*s - t = 3*k. Is k a prime number?
False
Let r(j) be the first derivative of j**5/20 - j**4/6 - j**3/3 + 211*j**2/2 - 36*j + 20. Let o(m) be the first derivative of r(m). Is o(0) composite?
False
Let u = -60 + 60. Is 1 + (-2 - u/4) + 1140 a prime number?
False
Is 5432884/26 + 103/(-1339) a composite number?
True
Let h = 105 - 76. Let v = -20 + h. Suppose 0 = v*q - 2552 - 67. Is q a prime number?
False
Let f = -106 + 109. Let l be f*((-1437)/(-45) + 4/10). Suppose 576 = t - l. Is t a prime number?
True
Let s(q) = 106*q**2 - 118*q - 9. Is s(20) a prime number?
True
Let d(j) be the first derivative of -j**2/2 + 262*j + 19. Let u be d(0). Let p = u + 12. Is p prime?
False
Let m(d) = -10*d - 2. Let p be m(-1). Suppose -2*t - 2*t = -p. Suppose -4*o = j - 1018, -t*o + 3*j = -182 - 320. Is o composite?
True
Suppose 79*p - 3122259 - 313846 = 0. Is p composite?
True
Let h = 27548 + 253563. Is h composite?
True
Suppose -7*o = -2*o - 25. Suppose 0 = -o*x + 2*q + 4511, 4*q + q = -15. Is x composite?
True
Let s(l) = -11*l**2 - 7*l - 10. Let g(r) = -10*r**2 - 5*r - 11. Let h(x) = -3*g(x) + 2*s(x). Is h(-7) a prime number?
False
Let t(m) = m + 17. Let j = 6 - 11. Let s be t(j). Suppose 14*u - s*u - 290 = 0. Is u a prime number?
False
Let n = -25 - -46. Let p = -22 + n. Let u(w) = -33*w**3 + w**2 + w. Is u(p) composite?
True
Let h(c) = 3*c + 16. Let k(j) = -j**2. Let l(w) = -h(w) - 6*k(w). Let d be l(-14). Let s = 4659 - d. Is s a composite number?
False
Suppose -7*a - 126 = -49*a. Suppose 4*d + a*c + 2450 - 23023 = 0, -4*d + 3*c = -20603. Is d a prime number?
True
Let i be 0 + 7*1 + (9 - 12). Suppose 3*h = i*f + 30353, -4*h - f + 40464 = -5*f. Is h a composite number?
False
Let b = 6087 + 6698. Is b prime?
False
Let c(w) = -7*w**3 + 13*w**2 + 13*w + 16. Let p be c(-5). Let n = -778 + p. Is n prime?
True
Let o(l) be the first derivative of 83*l**5/60 - 3*l**4/8 + 5*l**3 - 15. Let m(t) be the third derivative of o(t). Is m(10) a composite number?
True
Suppose -6*f = 55 - 61. Let q be ((4/16)/f)/(2/8). Is (q + -852)/(16/(-16)) prime?
False
Let z(p) = p**2 + 4*p + 4. Let f be -5 - (-1 - (-4 - -3)). Let b be z(f). Suppose -13595 = -b*y - 1022. Is y prime?
False
Let n(u) = -40*u**2 - 244. Let q(y) = -8*y**2 - 49. Let i(c) = 2*n(c) - 11*q(c). Is i(-20) a prime number?
True
Suppose -5*s + 21663 = 2*r, -s = -4*r + 5*r - 10824. Suppose 12*g - r = 39593. Is g prime?
True
Suppose -4*o + 39197 = 3*a, a - 49010 = 18*o - 23*o. Is o composite?
False
Suppose 12*g = -k + 139161, 29*g - 32*g + 5*k = -34806. Is g a prime number?
True
Suppose -5*l + 1631 = -6659. Let z be l/(-1)*(-2)/(-4). Let j = 1006 - z. Is j a prime number?
False
Let w = -4842 + 5477. Is w composite?
True
Let c(h) = 4*h - 28. Let o be ((-592)/(-18))/4 + (-2)/9. Let t be c(o). Suppose -4*z - t*v + 0*v = -22988, 4*v = z - 5757. Is z a prime number?
True
Let c(h) = h**2 + 10*h - 7. Let i be c(18). Let y be (7 - i/49)/(2/(-14)). Suppose -y*k = -17*k - 955. Is k prime?
True
Let r = 2355778 - 1090841. Is r a prime number?
False
Is (((-231)/(-308))/((-6)/16))/((-4)/76222) prime?
False
Suppose -3*c + 2*j + 26 = 0, 4*c + 26 = 5*c - 5*j. Suppose c*t = 10*t - 3224. Let w = -445 + t. Is w composite?
True
Suppose 30*l = 26*l + 1390436. Is l a composite number?
False
Suppose -3*c + 264 = -5*b, 5*c = -18 + 8. Is 2/4 + (-7047)/b composite?
False
Let p(a) = -612*a + 19. Is p(-6) a prime number?
True
Suppose -8*y = 3418 + 8566. Let a = y + 2447. Is a composite?
True
Let k(l) = -63377*l - 15. Let m be k(-2). Suppose -m = 23*p - 584738. Is p composite?
False
Suppose 0 = 23*n - 20*n - 15. Suppose -c = -n*p + 12008, 5*c - 5*p + 60082 = -p. Is (1/3)/((-2)/c) a prime number?
True
Let d be 100/60 - (-502)/3. Let l = 892 + d. Is l a prime number?
True
Suppose 19 - 10 = d + 3*c, 5*d + 5*c - 45 = 0. Suppose d*g - 5*g = 10076. Is g a composite number?
True
Let g = 106 + -103. Suppose -5*u = g*w, -2*w + 3*u = 2*w - 29. Suppose 0 = -w*t - 5*b + 2871 + 524, -2712 = -4*t - 2*b. Is t a prime number?
True
Let l be (-6 - 220/(-35)) + (-38748)/(-14). Let f = l + 465. Is f a composite number?
True
Let g(d) = -18*d**3 + d**2 + 20*d + 6. Let a be g(-4). Let v = a + 2271. Is v prime?
False
Is (-6)/(-9) + (-102256)/(-21) + -9 a prime number?
True
Suppose 0 = -36*l - 2*l. Suppose -10180 = -l*k - 10*k. Is k a prime number?
False
Let x(t) = -361*t**3 - 16*t**2 - 63*t - 7. Is x(-6) composite?
True
Let z(w) = -w**2 - 12*w + 18. Let f 